 - 4 = 6. Let a be h(x). Calculate the greatest common divisor of 70 and a.
14
Suppose 0 = -6*j - 329 + 947. Suppose 0 = -6*l + 137 + j. What is the highest common factor of l and 16?
8
Let r(x) = -x**3 - 9*x**2 + 9*x - 13. Let k be r(-10). Let v be k/2 - 61/2. Let j be (20/(-16))/(4/v). What is the greatest common divisor of 5 and j?
5
Let h be (-12)/2*(3 - 2). Let z be (-222)/(-9) - 2/h. Suppose 4*q + 14 = -4*c + 50, 5*q = z. What is the highest common factor of 4 and c?
4
Let l(k) = -6*k - 28. Let a be l(-5). Suppose -10 = a*v - 66. What is the highest common factor of v and 4?
4
Let c = 317 - 274. Calculate the highest common factor of c and 43.
43
Let f be (2/8)/(12/(-80))*-3. Suppose -5*n - 3*y - 15 = y, 3*y + 10 = -f*n. What is the highest common factor of 13 and n?
1
Suppose -4*f = -2*p + 110, 0 = -3*p - 8*f + 7*f + 172. Let y = -84 + 122. What is the greatest common factor of p and y?
19
Let o be ((-4)/(-6))/(-1*(-8)/156). Let p = 40 - -12. Calculate the highest common factor of o and p.
13
Let s be 1*-1 - 0 - -8. Let o = -9910 + 9917. Calculate the highest common factor of s and o.
7
Let u(b) = -4*b**2 - 2*b**3 - b**3 + 4*b**3 + 2 - 9*b. Let q be 80/5 + -3 + -7. Let g be u(q). Calculate the greatest common divisor of 20 and g.
20
Let g(k) = k**3 + 21*k**2 - 195*k + 32. Let z be g(-28). What is the greatest common factor of 124 and z?
4
Let c(t) = -309*t - 3. Let u be c(-1). Suppose -u = -2*q - q. Calculate the greatest common divisor of q and 34.
34
Let g be 1 + (137 - 5) + -7. What is the greatest common factor of g and 210?
42
Let l = 132 + -114. Let w = -57 + 93. Calculate the highest common divisor of w and l.
18
Suppose 4*p = 97 + 23. Suppose 1214*h - 1242*h + 2320 + 1040 = 0. What is the greatest common divisor of h and p?
30
Let o be (238/(-21) - 2)*-12. Calculate the highest common divisor of o and 240.
80
Suppose 0 = 2*t + s - 1470, -4*t + s = -0*t - 2940. What is the highest common factor of t and 15?
15
Let s be (-8)/(5*22/(-165)). Suppose -4*c - c + 360 = 0. Let t be ((-4)/6)/((-4)/c). Calculate the greatest common divisor of t and s.
12
Let x = 19 + -28. Let y be (6/x)/(-2 + (-1293)/(-648)). Calculate the greatest common divisor of y and 18.
18
Let r = 131 - -59. Calculate the highest common factor of 10 and r.
10
Suppose -4*w = a - 1193, -5*w + 123 = 2*a - 1366. What is the greatest common factor of w and 23?
23
Let p be (-30)/25*(-20)/3. Let k be (-6)/(6/p*-2). What is the greatest common factor of k and 4?
4
Suppose 0 = y - 23 + 1. Suppose -4*m + 361 = -343. Calculate the highest common factor of y and m.
22
Let g = 352 - 345. What is the highest common factor of g and 518?
7
Suppose h + 0*h = 96. Let m = -39 + 51. Suppose -1 = g + 4*y + 3, 0 = -3*y - m. Calculate the greatest common divisor of g and h.
12
Let v be (14 - -20) + 2*-2. Let r = v + 9. What is the highest common divisor of r and 312?
39
Suppose 208 = -0*k + 16*k. Calculate the highest common factor of k and 26.
13
Let x(c) = c**3 + 7*c**2 + 2*c - 4. Let m be x(-5). Calculate the highest common factor of 33 and m.
3
Let h = 1583 + -551. Let r be (h/(-18))/(-2) - (-2)/(-3). Let u be 87/1 - 3/1. Calculate the highest common factor of u and r.
28
Suppose -2*w + 491 - 113 = 0. Suppose 2*d = 2*l + 50, 26 + 20 = 2*d - l. What is the highest common divisor of w and d?
21
Suppose m - 1040 - 195 = 0. What is the greatest common factor of 13 and m?
13
Let z be 387/(-6) + (-1)/2. Let q = z + 66. What is the greatest common divisor of q and 3?
1
Let d be (-2 - -2) + (0 + 0)*-1. Suppose -5*p - 5*f + d*f = -195, -2*p = f - 78. What is the greatest common divisor of p and 195?
39
Let s be (4/5)/((-34)/(-2635)). Calculate the highest common divisor of s and 775.
31
Suppose -n - 2*q = -q - 8, -2*n = q - 16. Let k(o) = 4*o**3 - 2*o**2 + 3*o + 2. Let j be k(2). Calculate the highest common divisor of n and j.
8
Let j = 0 - -5. Let d = 86 + -20. Let w = 91 - d. What is the greatest common divisor of j and w?
5
Let x be -4706*((-189)/18 - -10). What is the highest common factor of 13 and x?
13
Let j be (5 - (0 - 4)) + 1. Calculate the highest common factor of 80 and j.
10
Let a be 4/8 + 9/6. Let f(s) = -3*s**2 - 5 - 1 - s + 6*s**2 + 4. Let d be f(a). What is the greatest common divisor of d and 64?
8
Let c(j) = j**3 + 3*j + 1. Suppose -5*l + 7 = -0*l - 2*p, 0 = -3*l - 2*p + 17. Let u be c(l). What is the highest common factor of 333 and u?
37
Let i(z) = -7*z**2 - 100*z - 9. Let n be i(-14). Calculate the highest common divisor of 893 and n.
19
Suppose 2*y + 11 = 27. Let g = y + 7. Calculate the highest common factor of g and 165.
15
Let n(u) = 3*u**2 - 5*u + 4. Let y be n(1). Suppose 0 = 5*j - 2*v - 27, y*j - 12 + 1 = v. Calculate the greatest common divisor of 80 and j.
5
Suppose 2*n - 81 - 1 = -2*a, 5*a = 4*n - 155. Calculate the highest common divisor of 35 and n.
5
Let x be (-724)/(-8) - 3/6. What is the greatest common factor of x and 225?
45
Let g be (0 - -9)/(2 - 1). Suppose 9 = -7*o + 10*o. Suppose -3*c - 69 = -a, 212 = o*a - 5*c + c. Calculate the highest common factor of a and g.
9
Suppose 117 + 59 = 8*q. Calculate the highest common factor of 22 and q.
22
Let j be 3*(-6)/(-27)*12. Let x be (-6688)/(-24) - (-4)/3. Suppose -7*n = -0*n - x. Calculate the greatest common factor of n and j.
8
Suppose 15*s = 3*j + 17*s - 378, -j - 2*s + 130 = 0. What is the greatest common factor of 4 and j?
4
Suppose -5*k = -27 - 173. Suppose 0 = -179*a + 184*a - k. Calculate the greatest common factor of 2 and a.
2
Let l(x) = 7*x - 80. Let m be l(17). Calculate the greatest common divisor of m and 143.
13
Let b = 3135 - -1293. Let y be b/81 - 2/(-6)*-2. Calculate the greatest common divisor of y and 27.
27
Let a be (6*1)/(17/51). Let f be (1 + 33/(-27))*-9. Calculate the greatest common divisor of a and f.
2
Suppose 30*a - 11880 = -10*a. What is the greatest common factor of 378 and a?
27
Let g = -148 + 196. Calculate the greatest common factor of g and 12.
12
Suppose -4*z = -3*t + z + 184, 2*z = 2*t - 124. Suppose l + 2*n - 39 = 0, -2*l + t + 15 = -3*n. What is the highest common factor of l and 273?
39
Suppose 0 = 4*m + 2*o - 36, 13 = 3*m - 4*o - 14. What is the highest common divisor of m and 33?
3
Suppose 58 = 5*k - 4*x, 2*k + k + 4*x = 54. Let y be (2 - 0) + 16 + 3. Calculate the greatest common factor of y and k.
7
Suppose -5*w + 968 = -k + 2*k, 2*k + 766 = 4*w. Suppose 3*j - w = -3*m + m, m - 119 = 3*j. Let n = -247 + 273. What is the greatest common factor of n and m?
26
Let d = -41 - -67. Suppose 1 = -k, 4*z + k - 193 = -d. Calculate the greatest common factor of z and 6.
6
Let g = 223 + 50. Calculate the greatest common divisor of g and 21.
21
Suppose 0 = -4*w - 0*w + 5*z + 56, -70 = -5*w + 5*z. Let j = 22 + w. Calculate the greatest common factor of 24 and j.
12
Let p = 2222 - 2049. What is the highest common factor of 1 and p?
1
Suppose 12 = -7*t + 9*t. Suppose -2*c = -3*p + 34, -2*c + t*c + 3*p + 50 = 0. Let b be (-8)/14 - 316/c. Calculate the greatest common factor of b and 2.
2
Suppose -5*p + 4*k + 42 = 0, 6*p - 5*p + 5*k - 20 = 0. What is the greatest common divisor of p and 90?
10
Let i be (22/28 - 20/70)*0. Suppose 2*z - 22 = -4*r, 2*z - 7*r + 3*r - 22 = i. What is the greatest common factor of 88 and z?
11
Let g be 3 - (-212 + -3 + 1*2). Calculate the greatest common factor of g and 1188.
108
Let z(n) = n - 3. Let g be z(7). Suppose j = 4 + g. Suppose -4*u + 92 = 4*v, 2*u = -0*u + j. What is the highest common factor of 19 and v?
19
Let s be ((-55)/(-44))/((-3)/(-12)). Suppose 0*n + 5*g + 74 = 2*n, -s*g + 94 = 2*n. What is the greatest common factor of n and 14?
14
Let p = 1084 - 956. What is the highest common divisor of p and 64?
64
Let x(k) = -4*k - 2. Let q be x(-5). Let c(o) = -17*o + 903. Let a be c(53). Calculate the greatest common divisor of a and q.
2
Let f(x) = -18*x + 155. Let s be f(8). What is the greatest common factor of s and 440?
11
Suppose -q = -5 - 5. Let b(p) = 6*p - 25. Let w be b(q). Let u be (-462)/w*(-30)/4. Calculate the greatest common divisor of 66 and u.
33
Suppose -3*b = -5*g + 33 + 59, 3*b - 36 = -3*g. What is the greatest common factor of g and 8?
8
Let w = -10 + 49. What is the greatest common divisor of w and 429?
39
Let l(z) = -